.
3, 19, 31
What are the prime factors of 787?
787
What are the prime factors of 96012?
2, 3, 7, 127
What are the prime factors of 9646?
2, 7, 13, 53
What are the prime factors of 253?
11, 23
What are the prime factors of 21402?
2, 3, 29, 41
What are the prime factors of 18679?
18679
What are the prime factors of 1580?
2, 5, 79
What are the prime factors of 19391?
19391
List the prime factors of 29800.
2, 5, 149
What are the prime factors of 8169?
3, 7, 389
What are the prime factors of 7514?
2, 13, 17
List the prime factors of 203.
7, 29
List the prime factors of 949.
13, 73
List the prime factors of 353.
353
What are the prime factors of 993?
3, 331
What are the prime factors of 574?
2, 7, 41
List the prime factors of 8455.
5, 19, 89
What are the prime factors of 31893?
3, 10631
List the prime factors of 4584.
2, 3, 191
What are the prime factors of 20019?
3, 6673
What are the prime factors of 4053?
3, 7, 193
List the prime factors of 14542.
2, 11, 661
What are the prime factors of 12551?
7, 11, 163
What are the prime factors of 3748?
2, 937
What are the prime factors of 3814?
2, 1907
What are the prime factors of 7127?
7127
What are the prime factors of 43058?
2, 21529
What are the prime factors of 4797?
3, 13, 41
List the prime factors of 20284.
2, 11, 461
What are the prime factors of 3212?
2, 11, 73
What are the prime factors of 50734?
2, 25367
List the prime factors of 2682.
2, 3, 149
List the prime factors of 28132.
2, 13, 541
List the prime factors of 46514.
2, 13, 1789
List the prime factors of 905.
5, 181
List the prime factors of 449.
449
List the prime factors of 127839.
3, 43, 991
List the prime factors of 4392.
2, 3, 61
What are the prime factors of 19414?
2, 17, 571
What are the prime factors of 446?
2, 223
What are the prime factors of 4321?
29, 149
What are the prime factors of 332?
2, 83
List the prime factors of 1654.
2, 827
List the prime factors of 11300.
2, 5, 113
What are the prime factors of 1471?
1471
What are the prime factors of 76998?
2, 3, 41, 313
List the prime factors of 11182.
2, 5591
List the prime factors of 3348.
2, 3, 31
What are the prime factors of 2141?
2141
List the prime factors of 4616.
2, 577
List the prime factors of 23117.
23117
What are the prime factors of 7003?
47, 149
List the prime factors of 2112.
2, 3, 11
What are the prime factors of 20793?
3, 29, 239
List the prime factors of 1778.
2, 7, 127
List the prime factors of 34564.
2, 8641
What are the prime factors of 10003?
7, 1429
What are the prime factors of 7840?
2, 5, 7
What are the prime factors of 3381?
3, 7, 23
What are the prime factors of 3667?
19, 193
List the prime factors of 10480.
2, 5, 131
List the prime factors of 2823.
3, 941
What are the prime factors of 1266?
2, 3, 211
What are the prime factors of 1577?
19, 83
What are the prime factors of 47181?
3, 15727
List the prime factors of 6589.
11, 599
What are the prime factors of 503?
503
What are the prime factors of 1268?
2, 317
What are the prime factors of 79940?
2, 5, 7, 571
What are the prime factors of 117354?
2, 3, 19559
List the prime factors of 56.
2, 7
List the prime factors of 12892.
2, 11, 293
List the prime factors of 1339.
13, 103
List the prime factors of 1617.
3, 7, 11
What are the prime factors of 3788?
2, 947
List the prime factors of 1145.
5, 229
List the prime factors of 1030.
2, 5, 103
List the prime factors of 83674.
2, 17, 23, 107
List the prime factors of 11230.
2, 5, 1123
List the prime factors of 2969.
2969
What are the prime factors of 36023?
13, 17, 163
What are the prime factors of 969?
3, 17, 19
List the prime factors of 4960.
2, 5, 31
List the prime factors of 9629.
9629
List the prime factors of 2497.
11, 227
List the prime factors of 21332.
2, 5333
What are the prime factors of 4175?
5, 167
What are the prime factors of 334?
2, 167
List the prime factors of 52521.
3, 7, 41, 61
List the prime factors of 95897.
17, 5641
List the prime factors of 446.
2, 223
What are the prime factors of 40396?
2, 10099
List the prime factors of 1307.
1307
What are the prime factors of 630?
2, 3, 5, 7
List the prime factors of 862.
2, 431
What are the prime factors of 11368?
2, 7, 29
List the prime factors of 19636.
2, 4909
What are the prime factors of 651?
3, 7, 31
What are the prime factors of 753?
3, 251
What are the prime factors of 4903?
4903
What are the prime factors of 26277?
3, 19, 461
What are the prime factors of 9944?
2, 11, 113
What are the prime factors of 7799?
11, 709
List the prime factors of 6993.
3, 7, 37
What are the prime factors of 31732?
2, 7933
What are the prime factors of 33411?
3, 7, 37, 43
What are the prime factors of 2145?
3, 5, 11, 13
List the prime factors of 1206.
2, 3, 67
What are the prime factors of 1704?
2, 3, 71
What are the prime factors of 5296?
2, 331
List the prime factors of 5054.
2, 7, 19
What are the prime factors of 1166?
2, 11, 53
What are the prime factors of 5615?
5, 1123
List the prime factors of 1928.
2, 241
What are the prime factors of 5274?
2, 3, 293
List the prime factors of 9305.
5, 1861
List the prime factors of 44211.
3, 14737
List the prime factors of 20010.
2, 3, 5, 23, 29
List the prime factors of 9804.
2, 3, 19, 43
List the prime factors of 2133.
3, 79
List the prime factors of 20045.
5, 19, 211
What are the prime factors of 7111?
13, 547
What are the prime factors of 542?
2, 271
What are the prime factors of 63866?
2, 11, 2903
List the prime factors of 11893.
7, 1699
What are the prime factors of 6051?
3, 2017
What are the prime factors of 868?
2, 7, 31
List the prime factors of 11652.
2, 3, 971
List the prime factors of 1774.
2, 887
List the prime factors of 1048.
2, 131
What are the prime factors of 23312?
2, 31, 47
List the prime factors of 2074.
2, 17, 61
List the prime factors of 9456.
2, 3, 197
List the prime factors of 488.
2, 61
What are the prime factors of 14022?
2, 3, 19, 41
What are the prime factors of 12114?
2, 3, 673
List the prime factors of 32868.
2, 3, 11, 83
List the prime factors of 1716.
2, 3, 11, 13
List the prime factors of 1296.
2, 3
What are the prime factors of 19418?
2, 7, 19, 73
What are the prime factors of 36333?
3, 11, 367
List the prime factors of 5065.
5, 1013
List the prime factors of 34885.
5, 6977
List the prime factors of 79551.
3, 8839
List the prime factors of 30254.
2, 7, 2161
What are the prime factors of 49814?
2, 24907
What are the prime factors of 2452?
2, 613
What are the prime factors of 1117?
1117
List the prime factors of 3361.
3361
List the prime factors of 130688.
2, 1021
What are the prime factors of 3082?
2, 23, 67
What are the prime factors of 20042?
2, 11, 911
List the prime factors of 68517.
3, 23, 331
List the prime factors of 12731.
29, 439
What are the prime factors of 311?
311
List the prime factors of 8478.
2, 3, 157
What are the prime factors of 8144?
2, 509
What are the prime factors of 770?
2, 5, 7, 11
List the prime factors of 10988.
2, 41, 67
What are the prime factors of 160?
2, 5
List the prime factors of 796.
2, 199
List the prime factors of 24925.
5, 997
List the prime factors of 93082.
2, 11, 4231
What are the prime factors of 5455?
5, 1091
What are the prime factors of 972?
2, 3
List the prime factors of 2393.
2393
What are the prime factors of 1795?
5, 359
What are the prime factors of 29262?
2, 3, 4877
List the prime factors of 4618.
2, 2309
What are the prime factors of 1957?
19, 103
List the prime factors of 747.
3, 83
What are the prime factors of 9957?
3, 3319
What are the prime factors of 1644?
2, 3, 137
What are the prime factors of 12876?
2, 3, 29, 37
List the prime factors of 1855.
5, 7, 53
What are the prime factors of 1042?
2, 521
What are the prime factors of 2091?
3, 17, 41
List the prime factors of 49945.
5, 7, 1427
What are the prime factors of 4840?
2, 5, 11
List the prime factors of 2643.
3, 881
What are the prime factors of 46730?
2, 5, 4673
List the prime factors of 7253.
7253
What are the prime factors of 698?
2, 349
List the prime factors of 27159.
3, 11, 823
List the prime factors of 10609.
103
What are the prime factors of 5212?
2, 1303
What are the prime factors of 4797?
3, 13, 41
What are the prime factors of 7487?
7487
List the prime factors of 9093.
3, 7, 433
What are the prime factors of 77725?
5, 3109